{"id":81,"date":"2025-06-09T18:54:36","date_gmt":"2025-06-09T18:54:36","guid":{"rendered":"https:\/\/electrocarepro.cl\/?page_id=81"},"modified":"2025-06-21T00:12:25","modified_gmt":"2025-06-21T00:12:25","slug":"ecliptica","status":"publish","type":"page","link":"https:\/\/electrocarepro.cl\/","title":{"rendered":"Front Page"},"content":{"rendered":"<div data-colibri-id=\"81-c1\" class=\"style-257 style-local-81-c1 position-relative\">\n  <!---->\n  <div data-colibri-component=\"section\" data-colibri-id=\"81-c2\" id=\"blank\" class=\"h-section h-section-global-spacing d-flex align-items-lg-center align-items-md-center align-items-center style-478 style-local-81-c2 position-relative\">\n    <!---->\n    <!---->\n    <div class=\"h-section-grid-container h-section-boxed-container\">\n      <!---->\n      <div data-colibri-id=\"81-c3\" class=\"h-row-container gutters-row-lg-2 gutters-row-md-2 gutters-row-0 gutters-row-v-lg-2 gutters-row-v-md-2 gutters-row-v-2 style-486 style-local-81-c3 position-relative\">\n        <!---->\n        <div class=\"h-row justify-content-lg-center justify-content-md-center justify-content-center align-items-lg-stretch align-items-md-stretch align-items-stretch gutters-col-lg-2 gutters-col-md-2 gutters-col-0 gutters-col-v-lg-2 gutters-col-v-md-2 gutters-col-v-2\">\n          <!---->\n          <div class=\"h-column h-column-container d-flex h-col-lg-auto h-col-md-auto h-col-auto style-487-outer style-local-81-c4-outer\">\n            <div data-colibri-id=\"81-c4\" class=\"d-flex h-flex-basis h-column__inner h-px-lg-2 h-px-md-2 h-px-2 v-inner-lg-2 v-inner-md-2 v-inner-2 style-487 style-local-81-c4 position-relative\">\n              <!---->\n              <!---->\n              <div class=\"w-100 h-y-container h-column__content h-column__v-align flex-basis-100 align-self-lg-start align-self-md-start align-self-start\">\n                <!---->\n                <div data-colibri-id=\"81-c5\" class=\"h-global-transition-all h-heading style-28 style-local-81-c5 position-relative h-element\">\n                  <!---->\n                  <div class=\"h-heading__outer style-28 style-local-81-c5\">\n                    <!---->\n                    <!---->\n                    <h2 class=\"\">ELECTROCARE<\/h2>\n                  <\/div>\n                <\/div>\n              <\/div>\n            <\/div>\n          <\/div>\n        <\/div>\n      <\/div>\n      <div data-colibri-id=\"81-c6\" class=\"h-row-container gutters-row-lg-2 gutters-row-md-2 gutters-row-0 gutters-row-v-lg-2 gutters-row-v-md-2 gutters-row-v-2 style-479 style-local-81-c6 position-relative\">\n        <!---->\n        <div class=\"h-row justify-content-lg-center justify-content-md-center justify-content-center align-items-lg-stretch align-items-md-stretch align-items-stretch gutters-col-lg-2 gutters-col-md-2 gutters-col-0 gutters-col-v-lg-2 gutters-col-v-md-2 gutters-col-v-2\">\n          <!---->\n          <div class=\"h-column h-column-container d-flex h-col-lg-auto h-col-md-auto h-col-auto style-481-outer style-local-81-c7-outer\">\n            <div data-colibri-id=\"81-c7\" class=\"d-flex h-flex-basis h-column__inner h-px-lg-2 h-px-md-2 h-px-2 v-inner-lg-2 v-inner-md-2 v-inner-2 style-481 style-local-81-c7 position-relative\">\n              <!---->\n              <!---->\n              <div class=\"w-100 h-y-container h-column__content h-column__v-align flex-basis-100 align-self-lg-start align-self-md-start align-self-start\">\n                <!---->\n                <div data-colibri-id=\"81-c8\" class=\"h-lead h-text h-text-component style-29 style-local-81-c8 position-relative h-element\">\n                  <!---->\n                  <!---->\n                  <div class=\"\">\n                    <p>Somos una empresa dedicada a brindar soluciones integrales en los \u00e1mbitos el\u00e9ctricos, hidr\u00e1ulicos y neum\u00e1ticos, orientada principalmente al sector industrial.<\/p>\n                  <\/div>\n                <\/div>\n              <\/div>\n            <\/div>\n          <\/div>\n        <\/div>\n      <\/div>\n    <\/div>\n  <\/div>\n  <div data-colibri-component=\"section\" data-colibri-id=\"81-c13\" id=\"mision\" class=\"h-section h-section-global-spacing d-flex align-items-lg-center align-items-md-center align-items-center style-258 style-local-81-c13 position-relative\">\n    <!---->\n    <!---->\n    <div class=\"h-section-grid-container h-section-boxed-container\">\n      <!---->\n      <div data-colibri-id=\"81-c14\" class=\"h-row-container gutters-row-lg-2 gutters-row-md-0 gutters-row-2 gutters-row-v-lg-2 gutters-row-v-md-0 gutters-row-v-2 style-259 style-local-81-c14 position-relative\">\n        <!---->\n        <div class=\"h-row justify-content-lg-center justify-content-md-center justify-content-center align-items-lg-stretch align-items-md-stretch align-items-stretch gutters-col-lg-2 gutters-col-md-0 gutters-col-2 gutters-col-v-lg-2 gutters-col-v-md-0 gutters-col-v-2\">\n          <!---->\n          <div class=\"h-column h-column-container d-flex h-col-lg-3 h-col-md-3 h-col-12 style-260-outer style-local-81-c15-outer\">\n            <div data-colibri-id=\"81-c15\" class=\"d-flex h-flex-basis h-column__inner h-px-lg-2 h-px-md-3 h-px-2 v-inner-lg-0 v-inner-md-3 v-inner-2 style-260 style-local-81-c15 position-relative\">\n              <!---->\n              <!---->\n              <div class=\"w-100 h-y-container h-column__content h-column__v-align flex-basis-100 align-self-lg-start align-self-md-start align-self-start\">\n                <!---->\n                <div data-colibri-id=\"81-c16\" class=\"h-icon style-261 style-local-81-c16 position-relative h-element\">\n                  <!----><span class=\"h-svg-icon h-icon__icon style-261-icon style-local-81-c16-icon\"><!--Icon by Font Awesome (https:\/\/fontawesome.com)-->\n    <svg version=\"1.1\" xmlns=\"http:\/\/www.w3.org\/2000\/svg\" xmlns:xlink=\"http:\/\/www.w3.org\/1999\/xlink\" id=\"flash\" viewBox=\"0 0 974.0545 1896.0833\">\n      <path d=\"M885 566q18 20 7 44L352 1767q-13 25-42 25-4 0-14-2-17-5-25.5-19t-4.5-30l197-808-406 101q-4 1-12 1-18 0-31-11-18-15-13-39l201-825q4-14 16-23t28-9h328q19 0 32 12.5t13 29.5q0 8-5 18L443 651l396-98q8-2 12-2 19 0 34 15z\"><\/path>\n    <\/svg><\/span><\/div>\n                <div data-colibri-id=\"81-c17\" class=\"h-global-transition-all h-heading style-262 style-local-81-c17 position-relative h-element\">\n                  <!---->\n                  <div class=\"h-heading__outer style-262 style-local-81-c17\">\n                    <!---->\n                    <!---->\n                    <h5 class=\"\">EXPERTOS EN MANTENCi\u00d3N<\/h5>\n                  <\/div>\n                <\/div>\n                <div data-colibri-id=\"81-c18\" class=\"h-text h-text-component style-263 style-local-81-c18 position-relative h-element\">\n                  <!---->\n                  <!---->\n                  <div class=\"\">\n                    <p>Intervenciones precisas.<\/p>\n                  <\/div>\n                <\/div>\n              <\/div>\n            <\/div>\n          <\/div>\n          <div class=\"h-column h-column-container d-flex h-col-lg-3 h-col-md-3 h-col-12 style-260-outer style-local-81-c19-outer\">\n            <div data-colibri-id=\"81-c19\" class=\"d-flex h-flex-basis h-column__inner h-px-lg-2 h-px-md-3 h-px-2 v-inner-lg-0 v-inner-md-3 v-inner-2 style-260 style-local-81-c19 position-relative\">\n              <!---->\n              <!---->\n              <div class=\"w-100 h-y-container h-column__content h-column__v-align flex-basis-100 align-self-lg-start align-self-md-start align-self-start\">\n                <!---->\n                <div data-colibri-id=\"81-c20\" class=\"h-icon style-261 style-local-81-c20 position-relative h-element\">\n                  <!----><span class=\"h-svg-icon h-icon__icon style-261-icon style-local-81-c20-icon\"><!--Icon by Icons8 Line Awesome (https:\/\/icons8.com\/line-awesome)--><svg version=\"1.1\" xmlns=\"http:\/\/www.w3.org\/2000\/svg\" xmlns:xlink=\"http:\/\/www.w3.org\/1999\/xlink\" id=\"gears\" viewBox=\"0 0 512 545.5\"><path d=\"M344 72h32v22.5c13.256 2.334 25.375 7.58 36 15l15-15 22.5 22.5-15 15c7.42 10.625 12.666 22.744 15 36H472v32h-22.5c-2.357 13.388-7.46 25.802-15 36.5L450 253l-23.5 22-15-16c-10.494 7.212-22.48 12.208-35.5 14.5V296h-32v-22.5c-13.256-2.334-25.375-7.58-36-15l-16.5 17-23-23 17-16.5c-7.42-10.625-12.666-22.744-15-36H248v-32h22.5c2.292-13.02 7.288-25.006 14.5-35.5l-16-15L291 94l16.5 15.5c10.698-7.54 23.112-12.643 36.5-15V72zm16 53c-32.885 0-59 26.115-59 59s26.115 59 59 59 59-26.115 59-59-26.115-59-59-59zm-207.5 94.5l11.5 29c8.477-2.118 17.388-3.5 26.5-3.5 9.13 0 18.015 1.362 26.5 3.5l11.5-29 29.5 12-11.5 29c15.108 9.133 27.874 21.944 37 37l29-11.5 12 29.5-29 11.5c2.118 8.458 3.5 17.388 3.5 26.5s-1.382 18.023-3.5 26.5l29 11.5-12 29.5-29-11.5c-9.107 15.23-21.88 28.264-37 37.5l11.5 28.5-29.5 12L217 459c-8.458 2.138-17.388 3.5-26.5 3.5-9.166 0-17.972-1.345-26.5-3.5l-11.5 28.5-29.5-12 11.5-28.5c-15.37-9.23-28.246-22.145-37.5-37.5L68.5 421l-12-29.5L85 380c-2.138-8.477-3.5-17.388-3.5-26.5s1.362-18.042 3.5-26.5l-28.5-11.5 12-29.5L97 297.5c9.236-15.12 22.27-27.893 37.5-37l-11.5-29zm38 57.5c-42.605 0-77 33.895-77 76.5s34.395 77 77 77 76.5-34.395 76.5-77-33.895-76.5-76.5-76.5z\"><\/path><\/svg><\/span><\/div>\n                <div\n                  data-colibri-id=\"81-c21\" class=\"h-global-transition-all h-heading style-262 style-local-81-c21 position-relative h-element\">\n                  <!---->\n                  <div class=\"h-heading__outer style-262 style-local-81-c21\">\n                    <!---->\n                    <!---->\n                    <h5 class=\"\">Prevenci\u00d3n Inteligente<\/h5>\n                  <\/div>\n              <\/div>\n              <div data-colibri-id=\"81-c22\" class=\"h-text h-text-component style-263 style-local-81-c22 position-relative h-element\">\n                <!---->\n                <!---->\n                <div class=\"\">\n                  <p>Detectamos cualquier riesgo a tiempo.<\/p>\n                <\/div>\n              <\/div>\n            <\/div>\n          <\/div>\n        <\/div>\n        <div class=\"h-column h-column-container d-flex h-col-lg-3 h-col-md-3 h-col-12 style-260-outer style-local-81-c23-outer\">\n          <div data-colibri-id=\"81-c23\" class=\"d-flex h-flex-basis h-column__inner h-px-lg-2 h-px-md-3 h-px-2 v-inner-lg-0 v-inner-md-3 v-inner-2 style-260 style-local-81-c23 position-relative\">\n            <!---->\n            <!---->\n            <div class=\"w-100 h-y-container h-column__content h-column__v-align flex-basis-100 align-self-lg-start align-self-md-start align-self-start\">\n              <!---->\n              <div data-colibri-id=\"81-c24\" class=\"h-icon style-261 style-local-81-c24 position-relative h-element\">\n                <!----><span class=\"h-svg-icon h-icon__icon style-261-icon style-local-81-c24-icon\"><!--Icon by Icons8 Line Awesome (https:\/\/icons8.com\/line-awesome)--><svg version=\"1.1\" xmlns=\"http:\/\/www.w3.org\/2000\/svg\" xmlns:xlink=\"http:\/\/www.w3.org\/1999\/xlink\" id=\"thumbs-o-up\" viewBox=\"0 0 512 545.5\"><path d=\"M267 80h6.5c25.858 0 46.525 19.68 46.5 42.5 0 21.38-7.486 37.233-15 47.5-4.696 6.416-6.75 7.5-10 10l-3 12h92c30.214 0 53.334 28.463 47 58l-34.5 160c-4.73 22.034-24.458 38-47 38H80V192h73.5L262 84.5zm11.5 33.5L176 214.5V416h173.5c7.634 0 14.396-5.03 16-12.5l34-160c2.21-10.304-4.945-19.5-15.5-19.5H250.5l5-20 9.5-36 2-6.5 5.5-3s2.865-1.35 7-7 8.5-14.557 8.5-29c.006-4.922-2.76-7.692-9.5-9zM112 224v192h32V224h-32z\"><\/path><\/svg><\/span><\/div>\n              <div\n                data-colibri-id=\"81-c25\" class=\"h-global-transition-all h-heading style-262 style-local-81-c25 position-relative h-element\">\n                <!---->\n                <div class=\"h-heading__outer style-262 style-local-81-c25\">\n                  <!---->\n                  <!---->\n                  <h5 class=\"\">aliados confiables<\/h5>\n                <\/div>\n            <\/div>\n            <div data-colibri-id=\"81-c26\" class=\"h-text h-text-component style-263 style-local-81-c26 position-relative h-element\">\n              <!---->\n              <!---->\n              <div class=\"\">\n                <p>Somos tu equipo. Respuestas r\u00e1pidas, soluciones permanentes.<\/p>\n              <\/div>\n            <\/div>\n          <\/div>\n        <\/div>\n      <\/div>\n    <\/div>\n  <\/div>\n<\/div>\n<\/div>\n<div data-colibri-component=\"section\" data-colibri-id=\"81-c27\" id=\"blank-2\" class=\"h-section h-section-global-spacing d-flex align-items-lg-center align-items-md-center align-items-center style-498 style-local-81-c27 position-relative\">\n  <!---->\n  <!---->\n  <div class=\"h-section-grid-container h-section-boxed-container\">\n    <!---->\n    <div data-colibri-id=\"81-c28\" class=\"h-row-container gutters-row-lg-2 gutters-row-md-2 gutters-row-0 gutters-row-v-lg-2 gutters-row-v-md-2 gutters-row-v-2 style-499 style-local-81-c28 position-relative\">\n      <!---->\n      <div class=\"h-row justify-content-lg-center justify-content-md-center justify-content-center align-items-lg-stretch align-items-md-stretch align-items-stretch gutters-col-lg-2 gutters-col-md-2 gutters-col-0 gutters-col-v-lg-2 gutters-col-v-md-2 gutters-col-v-2\">\n        <!---->\n        <div class=\"h-column h-column-container d-flex h-col-lg-auto h-col-md-auto h-col-auto style-500-outer style-local-81-c29-outer\">\n          <div data-colibri-id=\"81-c29\" class=\"d-flex h-flex-basis h-column__inner h-px-lg-2 h-px-md-2 h-px-2 v-inner-lg-2 v-inner-md-2 v-inner-2 style-500 style-local-81-c29 position-relative\">\n            <!---->\n            <!---->\n            <div class=\"w-100 h-y-container h-column__content h-column__v-align flex-basis-100 align-self-lg-start align-self-md-start align-self-start\">\n              <!---->\n              <div data-colibri-id=\"81-c30\" class=\"d-flex align-items-center text-lg-center text-md-center text-center justify-content-lg-center justify-content-md-center justify-content-center style-506 style-local-81-c30 position-relative h-element\">\n                <!---->\n                <a rel=\"home\" href=\"https:\/\/electrocarepro.cl\/\" h-use-smooth-scroll=\"true\" class=\"d-flex align-items-center\">\n                  <img decoding=\"async\" src=\"https:\/\/electrocarepro.cl\/wp-content\/uploads\/2025\/06\/cropped-1000885684-1.png\" class=\"h-logo__image h-logo__image_h logo-image style-506-image style-local-81-c30-image\" alt=\"\" \/>\n                  <img decoding=\"async\" src=\"https:\/\/electrocarepro.cl\/wp-content\/uploads\/2025\/06\/cropped-1000885684-1.png\" class=\"h-logo__alt-image h-logo__alt-image_h logo-alt-image style-506-image style-local-81-c30-image\" alt=\"\" \/>\n                <\/a>\n              <\/div>\n            <\/div>\n          <\/div>\n        <\/div>\n      <\/div>\n    <\/div>\n  <\/div>\n<\/div>\n<\/div>","protected":false},"excerpt":{"rendered":"<p>ELECTROCARE Somos una empresa dedicada a brindar soluciones integrales en los \u00e1mbitos el\u00e9ctricos, [&hellip;]<\/p>\n","protected":false},"author":1,"featured_media":0,"parent":0,"menu_order":0,"comment_status":"closed","ping_status":"closed","template":"page-templates\/homepage.php","meta":{"footnotes":""},"class_list":["post-81","page","type-page","status-publish","hentry"],"_links":{"self":[{"href":"https:\/\/electrocarepro.cl\/index.php?rest_route=\/wp\/v2\/pages\/81","targetHints":{"allow":["GET"]}}],"collection":[{"href":"https:\/\/electrocarepro.cl\/index.php?rest_route=\/wp\/v2\/pages"}],"about":[{"href":"https:\/\/electrocarepro.cl\/index.php?rest_route=\/wp\/v2\/types\/page"}],"author":[{"embeddable":true,"href":"https:\/\/electrocarepro.cl\/index.php?rest_route=\/wp\/v2\/users\/1"}],"replies":[{"embeddable":true,"href":"https:\/\/electrocarepro.cl\/index.php?rest_route=%2Fwp%2Fv2%2Fcomments&post=81"}],"version-history":[{"count":20,"href":"https:\/\/electrocarepro.cl\/index.php?rest_route=\/wp\/v2\/pages\/81\/revisions"}],"predecessor-version":[{"id":1152,"href":"https:\/\/electrocarepro.cl\/index.php?rest_route=\/wp\/v2\/pages\/81\/revisions\/1152"}],"wp:attachment":[{"href":"https:\/\/electrocarepro.cl\/index.php?rest_route=%2Fwp%2Fv2%2Fmedia&parent=81"}],"curies":[{"name":"wp","href":"https:\/\/api.w.org\/{rel}","templated":true}]}}